git of a?
0
Suppose 3*f = 2*n - 1929, -4*f - 6 = -2. What is the units digit of n?
3
Let g = 26 - 20. Suppose -2*r + 17 = 5*f + 2*r, 35 = 5*f - 5*r. Suppose -4*m + 5*h = -0*h - 13, f*m - g = -4*h. What is the units digit of m?
2
Let b(g) = -2*g**2 - 9 + 9*g - g**2 + 3*g**2 - g**2. Let s be b(8). What is the units digit of ((-112)/12 - s)*-3?
5
What is the hundreds digit of (525/4 - 2)/(10/40)?
5
Let r be (3 - 3)*(-2)/(-4). Suppose 2*s + r*s - u = -27, -s - 18 = -5*u. Let y = s + 18. What is the units digit of y?
5
Suppose 30 = 5*p + 5, -5*p + 780 = 5*n. What is the units digit of n?
1
What is the units digit of 443 + (3/1 - 18/9)?
4
Let f = -30 - -20. Let v = f - -12. What is the units digit of (-128)/(-9) - v/9?
4
Let t(z) = -4*z**2 + 9*z + 7. Let b(g) = g + 9. Let n be b(-6). Let s(c) = -3*c**2 + 9*c + 7. Let p(o) = n*s(o) - 2*t(o). What is the units digit of p(8)?
5
Let i = 869 - -385. What is the hundreds digit of i?
2
Let i(b) be the second derivative of b**5/20 + b**4 - 4*b**3/3 - 27*b**2/2 + 15*b. What is the tens digit of i(-10)?
5
Suppose j = 5*j - 5220. What is the thousands digit of j?
1
Let f(v) = -17*v - 23 + 0*v + 1. Let s be (20/(-80))/(-2 + (-41)/(-20)). What is the units digit of f(s)?
3
Let o be (-15 + 0 + -2)/(-1). Suppose -o*h + 1270 = -12*h. What is the hundreds digit of h?
2
Suppose 0 = -8*j - 680 + 3280. What is the tens digit of j?
2
What is the units digit of (4 - (289 + 4))*-1?
9
Let r(o) = -64*o - 28. What is the units digit of r(-5)?
2
Let k = -31 - -35. Suppose k = 4*w - 124. What is the units digit of w?
2
Let j(t) = -t + 5. Let p be j(6). Let k be p + 3 + -5 + 2. What is the units digit of (-56)/(-8) + (-1 - k)?
7
Suppose 3*p - 5*p + 3*o = -2, -3*o = 2*p - 14. Suppose -p*q + 6 = -14. Suppose u + 13 = 6*v - 2*v, -v = -q*u + 11. What is the units digit of u?
3
Let w = -9 + 16. Let a(k) = -k**2 + 7*k + 5. Let u be a(w). Suppose u = -4*o + 45. What is the tens digit of o?
1
Suppose 18*x = 17*x + 1300. What is the thousands digit of x?
1
Let x(q) = q**2 + 20*q + 1. Let s be x(-21). What is the hundreds digit of (-21560)/(-121) - 4/s?
1
Let u = 3234 + 631. What is the thousands digit of u?
3
Let h be 12/(-3)*(244/16 - 3). Let b = 26 - h. What is the tens digit of b?
7
Let d(y) = y**2 + 7*y + 6. Let s be d(-4). Let o be s/(-4)*(-28)/21. What is the units digit of 14/18 + o/(-9)?
1
Suppose -69810 = -484*v + 458*v. What is the hundreds digit of v?
6
Suppose 2*l = -2*l + 48. Let t be 0 + l - (-10 - -7). Suppose 7*q - 4*q - t = 0. What is the units digit of q?
5
Let k(i) = -i**3 + 11*i**2 + 26*i + 31. What is the hundreds digit of k(10)?
3
Let r(u) = 19*u**2 - 6*u - 118. What is the hundreds digit of r(-10)?
8
Let p(q) = q**2 + 3*q - 5. Let t(a) be the second derivative of a**5/20 + a**4/12 + a**3/6 - 5*a**2/2 - 4*a. Let c be t(0). What is the units digit of p(c)?
5
Suppose 4*w + 154 = 5*r - 268, 0 = 2*r - w - 167. Let a = 25 + -68. Let k = r + a. What is the units digit of k?
9
Suppose -3*v + 18 = -2*w, 5*v = 3*w + 2*v + 24. Let s(i) = -i**3 - 5*i**2 - 5*i + 2. Let m be s(w). Let b = m + -46. What is the units digit of b?
2
Let a(u) = -u + 12. Let s be a(6). Suppose 0 = -s*p + 129 + 69. What is the units digit of p?
3
Suppose -r + 13 = -14. What is the units digit of r?
7
Suppose -166 = g - 3*g. Suppose -2*u + 3*u - 2*m = g, -293 = -3*u - 5*m. What is the tens digit of u?
9
Suppose -4*a = 2*u - 1934 - 6656, 6432 = 3*a - 2*u. What is the tens digit of a?
4
Let b be 254 + 1/(-2)*(0 + 2). Let t = b - 141. What is the hundreds digit of t?
1
Let a(f) = -f**2 + 39*f - 67. What is the units digit of a(19)?
3
Let m be (-2)/12 - 341/(-66). Suppose 3*a = 4*g + 591, -m*a + 788 = -a - 5*g. What is the units digit of a?
7
Let h = 2708 + -1879. What is the tens digit of h?
2
Suppose 10 = 3*i + 2*i. Let s be ((-10)/5)/(i/(-4)). Suppose 0 = -3*d + 5*d + t - 28, 0 = s*d - 2*t - 56. What is the tens digit of d?
1
Suppose -4 = 4*a, g - 6 = a + a. Suppose t - 65 = -g*b + b, -234 = -3*t + 4*b. What is the tens digit of t/3 - (-4)/12?
2
Suppose -19*h - 9407 = -64279. What is the thousands digit of h?
2
Suppose -k + 2*g - 10 = 0, 2*g + 2*g = 4*k + 24. Suppose y + 4 = 12. Let x = y + k. What is the units digit of x?
6
Suppose k = -1, -5*c + c = -5*k - 1905. What is the hundreds digit of c?
4
Let g be 3/(-3 - -2)*-1. Suppose -g*n + 84 = -27. Suppose -8 = -5*w + n. What is the units digit of w?
9
Let l = 208 + 49. What is the hundreds digit of l?
2
Let w = -3009 + 5284. What is the thousands digit of w?
2
Let i be 4/4 - (-1 + 3). Let l(p) = p**3 - 14*p**2 + 12*p + 9. Let z be l(13). Let v = i - z. What is the units digit of v?
3
Let s = 42 + -38. Suppose f - 270 = -s*f. What is the units digit of f?
4
Suppose 4*y - 5*s + 382 = -255, -2*y - 3*s = 335. Let a = y + 259. What is the units digit of a?
6
Let x = 70 - 39. Suppose j - x = 3*i, -3*j + 2*i + i + 111 = 0. What is the tens digit of j?
4
Suppose -4*t - 2*g = -26, 3*t + 0*g = 2*g + 23. Let u be (-2)/6*(t + -16). Suppose -2*l = -j + 27, 5*j + 6*l = u*l + 96. What is the tens digit of j?
2
Suppose 0*s - 4*s = -5*i + 1718, 0 = 5*i - s - 1712. What is the hundreds digit of i?
3
Suppose 0*g + 33 = g. Suppose p - g = 44. What is the units digit of p?
7
Let k(y) be the third derivative of 0 - 1/3*y**4 - 1/60*y**5 - 5*y**2 - 7/6*y**3 + 0*y. What is the units digit of k(-5)?
8
Let n(s) be the third derivative of -37*s**6/120 + s**5/60 + s**4/8 + s**3/3 - 18*s**2. What is the tens digit of n(-1)?
3
Suppose u = -3*j - 4*u + 1, 3*j = -2*u + 4. Suppose -4*c + 168 = j*v + 2*v, v = -3*c + 118. What is the tens digit of c?
3
Suppose -d = 0, 20 = 4*n - d + 2*d. Suppose -n*i = -0*i + 5*s - 620, -4*i + s = -521. What is the tens digit of i?
2
Let z(x) = -x**3 + 14*x**2 - 12*x - 9. Let o be (-5)/25 + (-132)/(-10). Let v be z(o). Let p = 35 - v. What is the tens digit of p?
3
What is the units digit of (12078 + 0)/11 + -8?
0
Suppose 5*a - 1761 = 9. What is the tens digit of a?
5
Let x be (-666)/(-21) + 12/42. Let c = x - -149. What is the hundreds digit of c?
1
What is the hundreds digit of (9*880/(-210))/((-2)/21)?
3
Let g be (-111)/(-21) + (-4)/14. Suppose 0 = -5*c + 30 - g. Suppose 5*k = 2*n - 22 - 25, c*n = -3*k + 40. What is the units digit of n?
1
Suppose -5*t - 3*a + 712 = -190, 4*t - 5*a = 692. Let i = t + -71. What is the hundreds digit of i?
1
Suppose 5*c - 1 = 14. Let j be (-5)/((-20)/128) + c. Suppose -x + j = h - 1, -h = -2*x + 84. What is the tens digit of x?
4
Let b(m) = 16*m**3 - 2*m**2 - 3*m + 4. Let v be b(2). Suppose -c - 28 + v = 0. What is the tens digit of c?
9
Let r be 3/(45/6)*-370. Let y = 310 + r. Suppose y = 4*b + 2*b. What is the tens digit of b?
2
Let f(y) = -y**2 - 13*y + 2. Let s = 28 + -25. Suppose 4 = s*j + 25. What is the tens digit of f(j)?
4
Let m = -1086 - -1721. What is the hundreds digit of m?
6
Let s = -107 - -188. Suppose -4*q + 5*q = s. What is the tens digit of q?
8
Suppose 7*t - 4*t = 0. Let b(u) = -3*u + 34. What is the tens digit of b(t)?
3
Let i = -5 - -10. Suppose -2*a = 4*s - 74, -i*a + 257 = -5*s + 42. What is the units digit of a?
1
Suppose -k + 12*k - 34958 = 0. What is the units digit of k?
8
Let j(n) = n**3 + 5*n**2 + 3*n + 1. Let x be j(-3). Suppose -x*t + 1537 = -323. What is the hundreds digit of t?
1
Let c = 14 + -20. Let f(a) = -2 + 4*a - 3*a + 7*a + 2*a**2. What is the tens digit of f(c)?
2
Let q(p) = -2*p**3 - 35*p**2 - 12*p + 50. What is the tens digit of q(-18)?
9
Let y(w) = 5*w**2 + 100*w - 9. What is the tens digit of y(19)?
9
Suppose -4*l = l - 25. Let c(p) = -p**3 - 13*p**2 + 34*p + 50. Let o be c(-15). Let r = l - o. What is the units digit of r?
5
Let v = 480 - 95. What is the units digit of v?
5
Let i be 34*1 - 27/9. Let c = i - 19. What is the tens digit of c?
1
Let y(a) be the second derivative of -a**5/20 + 4*a**4/3 - 5*a**3/6 + 9*a**2 - 6*a + 4. What is the units digit of y(15)?
8
Suppose -4*o - 63 + 71 = 0, -2*j = o - 9046. What is the tens digit of j?
2
Let a(o) = -o**2 + 7*o - 10. Let v be a(6). What is the tens digit of (372/(-12))/(2/v)?
6
Suppose 0 = -4*z - 2*w + 932, 3*z = 4*w + 154 + 523. What is the hundreds digit of z?
2
What is the units digit of (1*(-12)/9)/(37/(-28194))?
6
Let h(c) = 215*c**2 + c - 1. What is the tens digit o